*z - 29, -z = 4*z - t - 24. Suppose z*o = 8*o - 201. List the prime factors of o.
67
Suppose d - p + 957 = 2*d, -2*d = -2*p - 1894. What are the prime factors of d?
2, 7, 17
Let h be ((-2)/4 - -1)*0. Let l be 476/8 - 3 - (-14)/28. Suppose h = -3*i + 12 + l. List the prime factors of i.
23
Let j(l) = -17*l - 23. Let t be j(-3). Suppose -t*h + 844 = -24*h. List the prime factors of h.
211
Let n(q) = -386*q + 2. What are the prime factors of n(-2)?
2, 3, 43
Let u(p) = 109*p - 51. List the prime factors of u(4).
5, 7, 11
Let l(n) = n - 11. Let g be l(6). Let p(t) = t**3 + 6*t**2 + 3*t + 3. Let i be p(g). Let c = i + 9. List the prime factors of c.
2, 11
Let l = 11 + -9. Suppose -5*y - l = -12. Suppose -10 + y = 2*w, -p - 2*w + 31 = 0. List the prime factors of p.
3, 13
Suppose 0 = q - 4. Suppose -o - 45 = q*o. What are the prime factors of (-86)/(-6) + (-6)/o?
3, 5
Suppose 13*b = 6*b + 210. What are the prime factors of (1 + -16)/((-1)/(b/5))?
2, 3, 5
Let j be -8 - (1 + 0)*-2. Suppose 48 = 4*h - 2*f, 0 = 4*h + f - 12 - 36. Let m = h + j. List the prime factors of m.
2, 3
Let p be (-24)/9*15/(-10). Suppose 0 = p*d - 3*q - 28, 4*d = 9*d + 3*q - 62. What are the prime factors of (10/d)/(1/2)?
2
List the prime factors of (-85)/(-2)*(-2704)/(-130).
2, 13, 17
Let f = -2556 - -3945. List the prime factors of f.
3, 463
Suppose -3*r = -3*y - 3, 3*y + y - 5*r = -7. Suppose -5*u + w + 16 = -197, 0 = 3*u + y*w - 133. List the prime factors of u.
43
Suppose -5*d = -2*w - 356, -5*w + 3*d - 452 = 438. What are the prime factors of (-21)/35 - w/5?
5, 7
Suppose -4*w = -22 - 42. What are the prime factors of 466/7 + w/(-28)?
2, 3, 11
Suppose -2*a = 3*k - 4*k + 2, -4*k + 2 = -2*a. Let x be a/5 - (-380)/25. Let n = x + 21. What are the prime factors of n?
2, 3
Let h = 38 - 32. Let g(v) = v**2 + 2*v - 5. List the prime factors of g(h).
43
Suppose 10*t + 2539 = 7409. List the prime factors of t.
487
Let h(b) = 154*b - 3. Let l be h(1). Let c = l - 106. List the prime factors of c.
3, 5
Let l be (3/(-4))/(9/(-24)). Suppose 291 = 5*v - l*v. Suppose -2*p = 3*g + 3*p - v, -31 = -g - p. List the prime factors of g.
29
Let o(q) be the first derivative of 29*q**3/3 - q**2/2 - 4. Let z be o(-1). Suppose 10 = w + 5*p - 2*p, z = 2*w + 4*p. What are the prime factors of w?
5
List the prime factors of 32*(159 + -5)/7.
2, 11
Suppose -4*a + 402 + 331 = t, 5*a + 715 = t. What are the prime factors of t?
5, 29
Let o(w) = w**2 - 10*w + 17. Let n(y) = 5*y - 28. Let g be n(8). List the prime factors of o(g).
41
Let v(c) = 38*c + 309. What are the prime factors of v(26)?
1297
Let o(f) = 9*f**3 - f**2 - f - 2. Let l(w) = -2*w + 34. Let y be l(16). What are the prime factors of o(y)?
2
List the prime factors of ((-148)/(-12))/((-2)/(-300)).
2, 5, 37
Let f = -8140 - -12946. What are the prime factors of f?
2, 3, 89
Let c be (3/(27/15))/((-1)/(-15)). Suppose c*u - 690 = 19*u. List the prime factors of u.
5, 23
Let g = -10 - -12. Suppose 2*h - 1 - 5 = -2*b, 0 = -g*b + 2*h + 2. What are the prime factors of 43 + (b - 3) - -3?
3, 5
Let a be (8/(-2))/((-3)/24). Suppose -35*z + 39 = -a*z. What are the prime factors of z?
13
Let t(a) = a**2 + a - 2. Let l be t(5). Let r = -103 - -107. Suppose r*o = l + 12. List the prime factors of o.
2, 5
Let a be 2 - (-78 - ((-4)/(-2) - 1)). Suppose -4*q + 59 = -a. What are the prime factors of q?
5, 7
Suppose -x - 2*u = 15, -6*x + x + u - 31 = 0. Let i(p) = -18*p - 21. List the prime factors of i(x).
3, 5, 7
Suppose 0*u + u - 461 = 5*p, -5*u + 2155 = 5*p. What are the prime factors of u?
2, 109
What are the prime factors of ((-1192)/28)/(3/(-63))?
2, 3, 149
Let a(l) = 35*l - 31*l - 369 + 374. Let y = 15 + -7. List the prime factors of a(y).
37
Suppose 36*r + 17533 - 45289 = 0. What are the prime factors of r?
3, 257
Let y be 24/56 + (-36)/(-14). Suppose -f = 2*s + 3, -4*s - s = -y*f + 2. What are the prime factors of f/(1*3/(-39))?
13
Let m(x) = -x**3 + 21*x**2 - 13*x - 23. What are the prime factors of m(19)?
2, 113
Let m be 2 - 3/((-9)/3). What are the prime factors of 2/10 + (-188)/(-10) + m?
2, 11
Let b(s) = -11*s**3 - 4*s**2 + 4*s**3 + 6*s**3 + 8*s. List the prime factors of b(-7).
7, 13
Suppose 0 = 6*h - 5*h - 2*g - 5429, -2 = g. What are the prime factors of h?
5, 7, 31
List the prime factors of (5 - 1959/(-12))/(5/60).
3, 673
Suppose 0 = 20*a - 1521 - 2079. List the prime factors of a.
2, 3, 5
Suppose -4*h - 3*o = -2769, -h + 5*o = 3*o - 684. What are the prime factors of h?
2, 3, 5, 23
Suppose -63*n = -56*n - 12334. List the prime factors of n.
2, 881
Let c(x) = x**3 + 11*x**2 + 3*x - 14. Let a be 4/(-10) - 1496/10. Let n be a/(-45)*(1 - 4). List the prime factors of c(n).
2, 7
Let h = 32 - 19. Let g = h - 11. Suppose -3*x + 44 = g*i - i, 0 = 2*x + 2. List the prime factors of i.
47
Let x(t) = -22*t**2 + t + 2. Let b be x(-1). Let l = -23 - b. What are the prime factors of 40 + 0 - -4 - l?
2, 23
Let o = -84 - -155. What are the prime factors of o?
71
Suppose 0 = -5*v + 6 - 1. Let n(z) = 41*z - 6. Let o(a) = 41*a - 7. Let l(q) = 7*n(q) - 6*o(q). List the prime factors of l(v).
41
Let m be 5/(5/103) + 2. Suppose -5*i + 0*h = -3*h - 95, 5*i = h + m. What are the prime factors of i?
2, 11
Let n(k) = 5*k**2 + 16*k + 1. Let r be n(-11). Suppose r - 114 = 4*j. Suppose -4*x - 11 = -5*q - j, 3*x = 5*q + 56. List the prime factors of x.
2, 3
Let y(n) = 2*n**2 - 38*n + 40. Let g be y(18). Suppose 4*p + 2*a - 670 = 0, -g*a + 7*a + 821 = 5*p. What are the prime factors of p?
2, 83
Let c(u) = -u**2 + 32*u + 1516. What are the prime factors of c(0)?
2, 379
Let y = 2 + -2. Suppose -2*f = -y - 40. Suppose 5*q - f = -5. List the prime factors of q.
3
Let m be (630/(-4))/9*-2. Let w = m + 23. What are the prime factors of w?
2, 29
Suppose -14 = -v - 6*v. Let k be 0/(v + -1) + 0. Suppose 5*a - 1 = o - k*o, -28 = -4*o + 4*a. List the prime factors of o.
3
Let p(h) = 112*h + 29. List the prime factors of p(3).
5, 73
Let a(n) = -20*n - 68. What are the prime factors of a(-5)?
2
Let s(q) = q**3 - 15*q**2 - 63*q - 15. List the prime factors of s(19).
2, 29
Suppose -3*o = j - 43, -2*j - 4*o + 98 = -2*o. What are the prime factors of j?
2, 13
Let o(r) = -341*r + 226. List the prime factors of o(-5).
1931
What are the prime factors of 513/38*(-1086)/(-9)?
3, 181
Let l = 439 + 82. Let g = l + -264. What are the prime factors of g?
257
Suppose 0 = 27*w - 36892 - 13976. What are the prime factors of w?
2, 3, 157
Suppose 0 = -6*p + 3*p + 30. Let m(o) = -o**3 + 11*o**2 - 9*o + 1. Let s be m(p). Let g = s + -6. What are the prime factors of g?
5
Let z(r) = r**3 - 4*r**2 - 6*r + 25. Let a be z(-5). Let d = 352 + a. List the prime factors of d.
2, 7, 13
Let y(v) = 6*v**2 - 4*v - 39. Let u be y(11). Suppose -4*b + 2*f = -u - 137, 0 = -b + f + 194. List the prime factors of b.
2, 7
Let j = -13 + 19. Suppose 2*p + j = 14. Suppose 10 = 5*h + l, 0 = h + h - 5*l - p. What are the prime factors of h?
2
Suppose -i = 3*z + 4 - 3, 0 = -5*i - 5*z + 15. Let d be (3/i)/(-1)*-5. List the prime factors of 1 + d + 31 + 2.
37
Suppose -40*w = -42*w + 464. List the prime factors of w.
2, 29
Let h(u) = 2*u**2 + 16. Let m be h(19). Let k = m - 482. List the prime factors of k.
2
Suppose 3*z + z - 128 = -s, -2*s = -2*z + 74. Suppose -3 = b - z. What are the prime factors of b?
2, 3, 5
Let b = -22 - -25. Suppose 2*m + 2*m - 16 = 0, -2*d + b*m = 4. Suppose 4*j + d*a = 220, j + 43 = 2*j + 4*a. List the prime factors of j.
59
Let r(y) = 2*y**2 - 3*y - 4. Let c = -1 + -1. Let v be 1 + (-2 + -4 - c). What are the prime factors of r(v)?
23
Suppose -4*y + 6 = -2. Let q(s) = 4*s**y - 1 + 3*s + 2*s**2 - 2. List the prime factors of q(2).
3
Suppose 0 = 5*s - 3*l - 56, -l - 54 = -5*s + l. Let p = 13 - s. Suppose -4*r - 3*i + 177 = -r, -p*r = -2*i - 157. List the prime factors of r.
5, 11
Let r(d) = d**2 - d - 21. Let c(u) = 2*u + 5. Let m be c(-6). What are the prime factors of r(m)?
5, 7
Let h = 7806 - 5543. What are the prime factors of h?
31, 73
Suppose -5*m + 6858 = 1063. List the prime factors of m.
19, 61
Suppose 53*p = 20535 + 7025. List the prime factors of p.
2, 5, 13
Suppose -8 = -i - 2. Let v(u) = -u**3 + 6*u**2 + 10*u + 7. List the prime factors of v(i).
67
Suppose 3*w = 5*i - 275, 3*i - 250 = -2*i - 2*w.